site?
False
Is 12*379179/180*5/3 composite?
False
Let h be (-4)/6 + 1634/57. Is 661/2 - (-14)/h prime?
True
Suppose 4*o - 158 = 2*a, -3*o = -0*o + a - 111. Suppose -4*l + o = 26. Suppose -6*j + 3 = -3*j, 3*i = -l*j + 12336. Is i a prime number?
True
Suppose 15*n + 7384696 = 24*n + 2490019. Is n a composite number?
False
Let w(u) = -u**3 + 14*u**2 + 19*u - 37. Let m be w(15). Suppose 0 = 5*b + 8 - m, -33 = 5*q + 4*b. Is 89 + q + (-6)/2 prime?
False
Let g be (-150)/135 + (-1)/(-9). Is (1 - 0)*((-23314)/g)/2 prime?
True
Suppose 185*m + 14*m = 109251199. Is m composite?
False
Let s(r) = 2*r**3 + 4*r**2 - 13*r - 17461. Let v(d) = -6*d**3 - 11*d**2 + 35*d + 52383. Let q(f) = 17*s(f) + 6*v(f). Is q(0) composite?
True
Let l(v) be the third derivative of -v**6/120 + 3*v**5/4 - 43*v**4/24 + 28*v**3 - 168*v**2. Is l(41) a prime number?
False
Let k = 1709752 - 1128645. Is k composite?
True
Let z = 367 - 303. Let x = 581 - z. Is x composite?
True
Suppose -5*o = -45 + 55. Is 1*o + 35/7 + 1798 composite?
False
Is 15/(105/49) - -67024 a composite number?
True
Let j(m) = 47256*m + 807. Is j(4) a composite number?
True
Let q(x) = -x**3 + 11*x**2 + 11*x - 20. Let h be 13 - (4 - (-4 + 4)). Let m be q(h). Let c = -92 + m. Is c a composite number?
False
Suppose n - 310 = -42. Let h = n + -557. Let y = -194 - h. Is y a composite number?
True
Let z = -68382 - -435781. Is z a composite number?
True
Let g = -49309 - -80616. Is g prime?
True
Suppose -20*c + 14*c = -2334. Suppose c = 4*u + 45. Is u a prime number?
False
Let q = 1074799 - -286692. Is q prime?
True
Suppose 3*r = -0*r - 84. Let x = r + 25. Is 1*x/2*2302/(-3) a composite number?
False
Suppose -474 = l - 477. Is (-5 - 12734/(-4))*2/l prime?
False
Let q(s) = 11394*s + 917. Is q(6) a prime number?
False
Let m = 376081 + -254244. Is m a prime number?
False
Suppose -4*h - 4*a + 1850 = -32426, -5*a = 3*h - 25713. Is h composite?
True
Let g = 23560 - -28203. Is g prime?
False
Let r = 72620 + 1451. Is r a prime number?
True
Suppose -666724 = -58*p + 382447 + 856361. Is p a prime number?
False
Let p(g) = -g**2 + 39*g - 26. Let r be p(38). Is -3*(-18742)/r*2 prime?
True
Let u(c) = c**2 + c + 250. Let i be u(0). Let j be (147/(-3))/((-1)/11). Let v = j - i. Is v prime?
False
Suppose 82*q + 17729 = 83*q. Suppose -23*z + q + 247898 = 0. Is z a prime number?
True
Let k(r) = r**3 - 39*r**2 - 34*r - 25. Let m be k(40). Is (-3261)/5*m/(-129) prime?
True
Let y = 309 + -302. Let w = 126 + y. Is w prime?
False
Let c(h) = 31*h**2 + 15*h + 23. Let a = 212 - 218. Is c(a) a prime number?
True
Suppose -1771*n = -1782*n + 7425. Suppose 5*i - 11 - 929 = 0. Let h = n - i. Is h a composite number?
False
Suppose -5*m = -0*o - o + 222, -2*o + 474 = -4*m. Suppose s - 152 = -z, -z - o = -3*s + 209. Let g = 126 + s. Is g a prime number?
False
Suppose 4*l - 36246 = 46*l. Let n = 1012 + l. Is n composite?
False
Let x(u) = -12*u - 40. Let c be x(-5). Let m(g) = 9*g**2 - 16*g - 15. Is m(c) prime?
False
Let v(z) = 131887*z - 6819. Is v(4) composite?
True
Let g = -181838 - -579327. Is g a composite number?
False
Suppose -33*n = -36*n + 12. Suppose -566 = i + 5*v, -2*i = -n*i + 2*v - 1072. Let d = 804 + i. Is d composite?
False
Let w be (-4)/(48/27)*45016/(-102). Suppose -3 = -z + 2. Suppose 2*c = z*c - w. Is c a prime number?
True
Let t(s) = s**3 - 9*s. Let m be t(3). Suppose m = 7*b + 9845 - 37768. Is b composite?
False
Suppose 82 + 1379 = w. Suppose -2*u - 1263 = -z, -4*z + w = 5*u - 3565. Is z a composite number?
False
Suppose 2*u + 4*t - t = 28, 0 = u + 2*t - 15. Suppose 30*k + 6*k - 324 = 0. Suppose -u*n + 1438 = -k*n. Is n a composite number?
False
Let n(b) = b**2 - 14*b + 43. Let x be n(6). Is 1 - 0 - ((x - -1) + -1166) a prime number?
True
Let r = -49706 + 125650. Let a = r - 47345. Is a a composite number?
True
Let c(f) = 35*f + 72. Let b(w) = w**3 - 5*w**2 + 7*w + 1. Let g be b(4). Is c(g) a composite number?
True
Let p(h) be the first derivative of -h**4/2 - 10*h**3/3 + h**2 + 11*h - 16. Is p(-12) prime?
True
Suppose -23*q - 219 = l, 3*l + 0*q = q - 237. Suppose 0 = -3*b + 69 - 423. Let i = l - b. Is i a prime number?
True
Suppose 3*d - 3 = 0, 109 = 5*q - 4*d - 7. Let p(u) = 4 + 11 - q + 137*u. Is p(10) prime?
True
Is (-3734829)/(-42) + (-30)/(-12) a composite number?
True
Suppose 3*j + 5*r - 48 - 3 = 0, -5*r = -j - 3. Let q be (-3766)/j - (21/18)/7. Let x = q + 949. Is x a composite number?
True
Let r = -132 + -10. Let n = r + 195. Is n prime?
True
Let k = -27967 + 72834. Is k prime?
True
Let p = -8831 + 6299. Let f = p + 5735. Is f a prime number?
True
Let r(p) = 16867*p - 307. Is r(8) prime?
False
Let z be ((-12)/(-7) - 2) + (-34)/(-119). Suppose -2056 = -5*h - 2*n + 1697, 4*n - 16 = z. Is h prime?
False
Suppose 2555847 = -11*p + 27*p + 11*p. Is p a prime number?
False
Let u = -34058 + 48229. Is u a prime number?
False
Suppose 5*j + 0*g + 5*g - 42570 = 0, 0 = 5*j - g - 42570. Suppose j = 2*a + 2*d, -8*a + 6*a + 8490 = -4*d. Is a a prime number?
True
Suppose d - 3197 - 20726 = -3*m, 5*d + 5*m = 119615. Let u = -11480 + d. Is u a prime number?
False
Let h = 193157 + 263792. Is h prime?
True
Suppose 4*g + c = -13062 + 56814, -5*g + 6*c + 54661 = 0. Is g a composite number?
False
Suppose 2*l + o = 2970 + 2059, 3*l = 5*o + 7524. Is l prime?
False
Suppose -9*m + 7*m + 30 = 126. Let f(p) = -p**2 - p + 493. Let v be f(0). Let h = v + m. Is h a prime number?
False
Suppose -66*c = -3*b - 62*c + 391743, -391797 = -3*b - 5*c. Is b composite?
False
Suppose -5*y = -3*r - 360, 360 = 5*y - 6*r + 2*r. Suppose -y*f = -67*f - 35. Suppose f*x = 3*x + o + 27746, o = -3*x + 20813. Is x a prime number?
False
Let g(u) = -u + 4. Let b be g(2). Suppose -b*j + 3354 - 332 = 0. Is j a prime number?
True
Let m(v) = 18 + 14 - 5 + 548*v - 4. Is m(12) a prime number?
True
Is 286843 - (14 + -46)/(-4) a prime number?
False
Let b(j) = 73*j**2 + 2*j - 11. Let s be b(7). Suppose t - 5*a = 3604, -t - 8*a + s = -5*a. Is t composite?
True
Suppose 0 = s - 4*p - 14223, -2*s - 4*p = -5*s + 42677. Suppose 0 = 3*t - 0*o + 5*o - 8509, 3*o + s = 5*t. Is t a prime number?
True
Suppose 6 = 12*s - 10*s. Suppose -b = -2*n - 3, 0 = 4*b - 3*b + 4*n - s. Suppose b*x - 1422 = -5*y, 2*y + 823 = 4*x - 1047. Is x composite?
True
Suppose -51155 = -284*d + 279*d. Suppose 8*t = -5*t + d. Is t a prime number?
True
Let x(t) be the first derivative of t**2/2 + 3*t - 21. Let f be x(3). Is ((-2)/(-3))/(3*f/18171) a composite number?
False
Let k = 20463 - 8424. Suppose -700 - k = -g. Is g a composite number?
False
Let n(x) = x**2 + 2*x - 31. Let m be n(5). Suppose -m*s + 16997 = 2781. Is s composite?
True
Suppose 4*y - 1824066 = -2*s, 2*y - 3648174 = -2069*s + 2065*s. Is s prime?
True
Let s(z) = 144*z**3 + 4*z**2 - 13*z - 49. Is s(6) a composite number?
False
Let s(q) = q**3 + 4*q**2 + 5*q + 4. Let r be s(-3). Let z be (-6)/51 - (6993/(-51) - 0). Is (r - -5 - 0)*z composite?
True
Let u(i) = -6298*i**2 - 2*i. Let m be u(-1). Let v = m - -13803. Is v composite?
False
Let p be 6 + 9/(36/(-8)). Suppose x - 2285 = -p*g, -g + 9483 = 4*x + 343. Is x a composite number?
True
Let x = 740454 + -432491. Is x prime?
False
Let r = -914 + 240. Let g = r + -1472. Let p = g + 3925. Is p a composite number?
True
Let p(x) = x**3 + 57*x**2 + 112*x + 183. Is p(55) prime?
True
Let w(i) = 21302*i + 3039. Is w(10) prime?
False
Suppose 192*b = 20*b + 3359332. Is b a prime number?
True
Suppose -b - 7*j + 5*j = -7, 0 = -5*b - 3*j + 28. Suppose b*m - 2191 = 1314. Is m prime?
True
Let c be 3/24 - (-78)/16. Suppose j - 4*j = 0. Suppose j = 4*q + 5*l - 9264, -c*q + 12596 = 2*l + 999. Is q a composite number?
True
Suppose -49*r - 1110914 = -4*u - 52*r, -18 = -9*r. Is u prime?
False
Suppose 45*d - 39*d - 72 = 0. Let b(r) = 3*r**3 + 8*r**2 - 20*r + 23. Is b(d) prime?
False
Suppose -p - 2*m - 3 = 0, 4*p + 3*m + 5 + 7 = 0. Is -1754*(p - 5/10) prime?
False
Let k(z) = -31443*z + 1472. Is k(-19) a prime number?
False
Let v = 18 + -14. Let h be 0*((-3 - 2)/(-1) - v). Suppose -3*q = -h*q - 381. Is q a composite number?
False
Let q(g) be the first derivative of 4*g**3/3 - 3*g**2 - 11*g - 82. Suppose -6*i + 2*i - 64 = 0. Is q(i) a prime number?
True
Suppose -3*c + 4*a = -20553 - 44624, 86851 = 4*c + 5*a. Is c a composite number?
True
Su